{"id":289,"date":"2022-06-18T13:26:29","date_gmt":"2022-06-18T13:26:29","guid":{"rendered":"http:\/\/www.retesaicremona.it\/home\/?page_id=289"},"modified":"2026-03-26T11:34:29","modified_gmt":"2026-03-26T11:34:29","slug":"minori","status":"publish","type":"page","link":"https:\/\/www.retesaicremona.it\/home\/minori\/","title":{"rendered":"Minori"},"content":{"rendered":"\t\t<div data-elementor-type=\"wp-page\" data-elementor-id=\"289\" class=\"elementor elementor-289\" data-elementor-post-type=\"page\">\n\t\t\t\t\t\t<section class=\"elementor-section elementor-top-section elementor-element elementor-element-7b44a4d elementor-section-content-middle elementor-section-boxed elementor-section-height-default elementor-section-height-default\" data-id=\"7b44a4d\" data-element_type=\"section\" data-e-type=\"section\" data-settings=\"{&quot;background_background&quot;:&quot;classic&quot;}\">\n\t\t\t\t\t\t<div class=\"elementor-container elementor-column-gap-no\">\n\t\t\t\t\t<div class=\"elementor-column elementor-col-100 elementor-top-column elementor-element elementor-element-a26beb3\" data-id=\"a26beb3\" data-element_type=\"column\" data-e-type=\"column\" data-settings=\"{&quot;background_background&quot;:&quot;classic&quot;}\">\n\t\t\t<div class=\"elementor-widget-wrap elementor-element-populated\">\n\t\t\t\t\t\t<section class=\"elementor-section elementor-inner-section elementor-element elementor-element-ec9a726 elementor-section-boxed elementor-section-height-default elementor-section-height-default\" data-id=\"ec9a726\" data-element_type=\"section\" data-e-type=\"section\">\n\t\t\t\t\t\t<div class=\"elementor-container elementor-column-gap-no\">\n\t\t\t\t\t<div class=\"elementor-column elementor-col-100 elementor-inner-column elementor-element elementor-element-0736149\" data-id=\"0736149\" data-element_type=\"column\" data-e-type=\"column\">\n\t\t\t<div class=\"elementor-widget-wrap elementor-element-populated\">\n\t\t\t\t\t\t\t<\/div>\n\t\t<\/div>\n\t\t\t\t\t<\/div>\n\t\t<\/section>\n\t\t\t\t<div class=\"elementor-element elementor-element-1631a20 elementor-widget__width-initial elementor-absolute elementor-widget-mobile__width-initial elementor-widget elementor-widget-spacer\" data-id=\"1631a20\" data-element_type=\"widget\" data-e-type=\"widget\" data-settings=\"{&quot;_position&quot;:&quot;absolute&quot;}\" data-widget_type=\"spacer.default\">\n\t\t\t\t<div class=\"elementor-widget-container\">\n\t\t\t\t\t\t\t<div class=\"elementor-spacer\">\n\t\t\t<div class=\"elementor-spacer-inner\"><\/div>\n\t\t<\/div>\n\t\t\t\t\t\t<\/div>\n\t\t\t\t<\/div>\n\t\t\t\t<div class=\"elementor-element elementor-element-d74828d elementor-widget__width-initial elementor-absolute elementor-widget-mobile__width-initial elementor-invisible elementor-widget elementor-widget-spacer\" data-id=\"d74828d\" data-element_type=\"widget\" data-e-type=\"widget\" data-settings=\"{&quot;_position&quot;:&quot;absolute&quot;,&quot;_animation&quot;:&quot;fadeIn&quot;,&quot;_animation_delay&quot;:600}\" data-widget_type=\"spacer.default\">\n\t\t\t\t<div class=\"elementor-widget-container\">\n\t\t\t\t\t\t\t<div class=\"elementor-spacer\">\n\t\t\t<div class=\"elementor-spacer-inner\"><\/div>\n\t\t<\/div>\n\t\t\t\t\t\t<\/div>\n\t\t\t\t<\/div>\n\t\t\t\t<div class=\"elementor-element elementor-element-a3da89b elementor-widget__width-initial elementor-absolute elementor-widget-mobile__width-initial animated-slow elementor-invisible elementor-widget elementor-widget-spacer\" data-id=\"a3da89b\" data-element_type=\"widget\" data-e-type=\"widget\" data-settings=\"{&quot;_position&quot;:&quot;absolute&quot;,&quot;_animation&quot;:&quot;fadeIn&quot;,&quot;_animation_delay&quot;:900}\" data-widget_type=\"spacer.default\">\n\t\t\t\t<div class=\"elementor-widget-container\">\n\t\t\t\t\t\t\t<div class=\"elementor-spacer\">\n\t\t\t<div class=\"elementor-spacer-inner\"><\/div>\n\t\t<\/div>\n\t\t\t\t\t\t<\/div>\n\t\t\t\t<\/div>\n\t\t\t\t\t<\/div>\n\t\t<\/div>\n\t\t\t\t\t<\/div>\n\t\t<\/section>\n\t\t\t\t<section class=\"elementor-section elementor-top-section elementor-element elementor-element-d2f7b7b elementor-section-height-min-height elementor-section-items-stretch elementor-section-boxed elementor-section-height-default\" data-id=\"d2f7b7b\" data-element_type=\"section\" data-e-type=\"section\">\n\t\t\t\t\t\t<div class=\"elementor-container elementor-column-gap-default\">\n\t\t\t\t\t<div class=\"elementor-column elementor-col-100 elementor-top-column elementor-element elementor-element-c9557f6\" data-id=\"c9557f6\" data-element_type=\"column\" data-e-type=\"column\" data-settings=\"{&quot;background_background&quot;:&quot;classic&quot;}\">\n\t\t\t<div class=\"elementor-widget-wrap elementor-element-populated\">\n\t\t\t\t\t\t<section class=\"elementor-section elementor-inner-section elementor-element elementor-element-980d690 elementor-section-boxed elementor-section-height-default elementor-section-height-default\" data-id=\"980d690\" data-element_type=\"section\" data-e-type=\"section\">\n\t\t\t\t\t\t<div class=\"elementor-container elementor-column-gap-default\">\n\t\t\t\t\t<div class=\"elementor-column elementor-col-100 elementor-inner-column elementor-element elementor-element-117c4d6\" data-id=\"117c4d6\" data-element_type=\"column\" data-e-type=\"column\">\n\t\t\t<div class=\"elementor-widget-wrap\">\n\t\t\t\t\t\t\t<\/div>\n\t\t<\/div>\n\t\t\t\t\t<\/div>\n\t\t<\/section>\n\t\t\t\t<section class=\"elementor-section elementor-inner-section elementor-element elementor-element-79a686b elementor-section-boxed elementor-section-height-default elementor-section-height-default\" data-id=\"79a686b\" data-element_type=\"section\" data-e-type=\"section\">\n\t\t\t\t\t\t<div class=\"elementor-container elementor-column-gap-default\">\n\t\t\t\t\t<div class=\"elementor-column elementor-col-100 elementor-inner-column elementor-element elementor-element-b23e42e\" data-id=\"b23e42e\" data-element_type=\"column\" data-e-type=\"column\">\n\t\t\t<div class=\"elementor-widget-wrap elementor-element-populated\">\n\t\t\t\t\t\t<div class=\"elementor-element elementor-element-83d1467 elementor-widget elementor-widget-text-editor\" data-id=\"83d1467\" data-element_type=\"widget\" data-e-type=\"widget\" data-widget_type=\"text-editor.default\">\n\t\t\t\t<div class=\"elementor-widget-container\">\n\t\t\t\t\t\t\t\t\t<p>L\u2019accoglienza dei <strong>minori stranieri non accompagnati<\/strong> (MSNA) si inserisce in un percorso di rete attivo da anni, che \u00e8 sostanzialmente basato sulla valorizzazione dell\u2019esperienza dei Comuni, su specifiche competenze professionali di cura e presa in carico di individui particolarmente vulnerabili.<\/p>\n<p><\/p>\n<p>Ed \u00e8 proprio sulla base delle diverse esigenze e peculiarit\u00e0 che identificano ciascun soggetto, che l\u2019\u00e9quipe multidisciplinare programma e organizza le diverse attivit\u00e0 operative, tutte finalizzate all&#8217;inclusione del minore nella comunit\u00e0 di riferimento.<\/p>\n<p><\/p>\n<p>Inoltre, l\u2019accoglienza nei progetti SAI, al raggiungimento della maggiore et\u00e0 pu\u00f2 estendersi per ulteriori 6 mesi in funzione della necessit\u00e0 di assicurare una piena autonomia dei ragazzi che una volta usciti dall\u2019accoglienza non possono contare su una rete familiare di supporto. A tal fine tutti gli interventi realizzati all\u2019interno dei progetti SAI per minori soli sono orientati a dare pienezza a questo percorso: dall\u2019assistenza legale, all\u2019orientamento al lavoro e all\u2019abitare. Misure che rafforzano il diritto alla protezione e alla tutela,&nbsp; assicurate nel Sistema per rendere i giovani autonomi, indipendenti e non esposti a situazioni\/condizioni di precariet\u00e0 e vulnerabilit\u00e0.<\/p>\t\t\t\t\t\t\t\t<\/div>\n\t\t\t\t<\/div>\n\t\t\t\t\t<\/div>\n\t\t<\/div>\n\t\t\t\t\t<\/div>\n\t\t<\/section>\n\t\t\t\t\t<\/div>\n\t\t<\/div>\n\t\t\t\t\t<\/div>\n\t\t<\/section>\n\t\t\t\t<section class=\"elementor-section elementor-top-section elementor-element elementor-element-924a9bd elementor-section-full_width elementor-section-height-min-height elementor-section-items-stretch elementor-section-content-middle elementor-section-height-default\" data-id=\"924a9bd\" data-element_type=\"section\" data-e-type=\"section\" id=\"diventare-tutori-volontari\">\n\t\t\t\t\t\t<div class=\"elementor-container elementor-column-gap-no\">\n\t\t\t\t\t<div class=\"elementor-column elementor-col-100 elementor-top-column elementor-element elementor-element-e4ebaad\" data-id=\"e4ebaad\" data-element_type=\"column\" data-e-type=\"column\">\n\t\t\t<div class=\"elementor-widget-wrap elementor-element-populated\">\n\t\t\t\t\t\t<section class=\"elementor-section elementor-inner-section elementor-element elementor-element-9f167c5 elementor-section-boxed elementor-section-height-default elementor-section-height-default\" data-id=\"9f167c5\" data-element_type=\"section\" data-e-type=\"section\">\n\t\t\t\t\t\t<div class=\"elementor-container elementor-column-gap-default\">\n\t\t\t\t\t<div class=\"elementor-column elementor-col-50 elementor-inner-column elementor-element elementor-element-d6fd04a\" data-id=\"d6fd04a\" data-element_type=\"column\" data-e-type=\"column\">\n\t\t\t<div class=\"elementor-widget-wrap elementor-element-populated\">\n\t\t\t\t\t\t<div class=\"elementor-element elementor-element-fb8bccc elementor-widget elementor-widget-image\" data-id=\"fb8bccc\" data-element_type=\"widget\" data-e-type=\"widget\" data-widget_type=\"image.default\">\n\t\t\t\t<div class=\"elementor-widget-container\">\n\t\t\t\t\t\t\t\t\t\t\t\t<figure class=\"wp-caption\">\n\t\t\t\t\t\t\t\t\t\t<img fetchpriority=\"high\" decoding=\"async\" width=\"480\" height=\"320\" src=\"https:\/\/www.retesaicremona.it\/wp-content\/uploads\/2022\/06\/Foto-di-gruppo-tutori-volontari.jpg\" class=\"attachment-large size-large wp-image-495\" alt=\"\" srcset=\"https:\/\/www.retesaicremona.it\/wp-content\/uploads\/2022\/06\/Foto-di-gruppo-tutori-volontari.jpg 480w, https:\/\/www.retesaicremona.it\/wp-content\/uploads\/2022\/06\/Foto-di-gruppo-tutori-volontari-300x200.jpg 300w\" sizes=\"(max-width: 480px) 100vw, 480px\" \/>\t\t\t\t\t\t\t\t\t\t\t<figcaption class=\"widget-image-caption wp-caption-text\">I tutori del Comune di Cremona<\/figcaption>\n\t\t\t\t\t\t\t\t\t\t<\/figure>\n\t\t\t\t\t\t\t\t\t<\/div>\n\t\t\t\t<\/div>\n\t\t\t\t\t<\/div>\n\t\t<\/div>\n\t\t\t\t<div class=\"elementor-column elementor-col-50 elementor-inner-column elementor-element elementor-element-22c216d\" data-id=\"22c216d\" data-element_type=\"column\" data-e-type=\"column\">\n\t\t\t<div class=\"elementor-widget-wrap elementor-element-populated\">\n\t\t\t\t\t\t<div class=\"elementor-element elementor-element-27f0825 elementor-invisible elementor-widget elementor-widget-heading\" data-id=\"27f0825\" data-element_type=\"widget\" data-e-type=\"widget\" data-settings=\"{&quot;_animation&quot;:&quot;fadeIn&quot;}\" data-widget_type=\"heading.default\">\n\t\t\t\t<div class=\"elementor-widget-container\">\n\t\t\t\t\t<h2 class=\"elementor-heading-title elementor-size-default\">Tutori volontari dei minori stranieri non accompagnati<\/h2>\t\t\t\t<\/div>\n\t\t\t\t<\/div>\n\t\t\t\t<div class=\"elementor-element elementor-element-34b1d93 elementor-invisible elementor-widget elementor-widget-text-editor\" data-id=\"34b1d93\" data-element_type=\"widget\" data-e-type=\"widget\" data-settings=\"{&quot;_animation&quot;:&quot;fadeIn&quot;,&quot;_animation_delay&quot;:200}\" data-widget_type=\"text-editor.default\">\n\t\t\t\t<div class=\"elementor-widget-container\">\n\t\t\t\t\t\t\t\t\t<p>La figura del tutore \u00e8 stato rafforzata dalla Legge 47\/2017 (<strong>denominata Legge Zampa)<\/strong> che ha introdotto il ruolo del <strong>tutore volontario di cittadini minori non accompagnati sul territorio nazionale<\/strong>. L&#8217;idea di istituire questa figura rappresenta una scelta di alto valore civile: attribuisce infatti alla societ\u00e0 ed alla cittadinanza il valore della tutela del minore come valore fondante dell&#8217;identit\u00e0 culturale.<\/p><p>La tutela volontaria, pertanto, non viene pi\u00f9 interpretata dalle istituzioni pubbliche, come avveniva in passato, quando l&#8217;Assessore al Settore Politiche Sociali riceveva la nomina da parte del Giudice Tutelare del Tribunale Ordinario, ma <strong>viene attribuita al cittadino che, spontaneamente, si candida per essere nominato dal Tribunale per i Minorenni<\/strong> territorialmente competente (nel caso di Cremona quello di Brescia).<\/p>\t\t\t\t\t\t\t\t<\/div>\n\t\t\t\t<\/div>\n\t\t\t\t\t<\/div>\n\t\t<\/div>\n\t\t\t\t\t<\/div>\n\t\t<\/section>\n\t\t\t\t<section class=\"elementor-section elementor-inner-section elementor-element elementor-element-f84771b elementor-section-boxed elementor-section-height-default elementor-section-height-default\" data-id=\"f84771b\" data-element_type=\"section\" data-e-type=\"section\">\n\t\t\t\t\t\t<div class=\"elementor-container elementor-column-gap-default\">\n\t\t\t\t\t<div class=\"elementor-column elementor-col-50 elementor-inner-column elementor-element elementor-element-4a5d425\" data-id=\"4a5d425\" data-element_type=\"column\" data-e-type=\"column\">\n\t\t\t<div class=\"elementor-widget-wrap elementor-element-populated\">\n\t\t\t\t\t\t<div class=\"elementor-element elementor-element-e1ab151 elementor-invisible elementor-widget elementor-widget-heading\" data-id=\"e1ab151\" data-element_type=\"widget\" data-e-type=\"widget\" data-settings=\"{&quot;_animation&quot;:&quot;fadeIn&quot;}\" data-widget_type=\"heading.default\">\n\t\t\t\t<div class=\"elementor-widget-container\">\n\t\t\t\t\t<h2 class=\"elementor-heading-title elementor-size-default\">diventare un tutore volontario<\/h2>\t\t\t\t<\/div>\n\t\t\t\t<\/div>\n\t\t\t\t<div class=\"elementor-element elementor-element-67dba0a elementor-invisible elementor-widget elementor-widget-text-editor\" data-id=\"67dba0a\" data-element_type=\"widget\" data-e-type=\"widget\" data-settings=\"{&quot;_animation&quot;:&quot;fadeIn&quot;,&quot;_animation_delay&quot;:200}\" data-widget_type=\"text-editor.default\">\n\t\t\t\t<div class=\"elementor-widget-container\">\n\t\t\t\t\t\t\t\t\t<p>A dicembre 2025 \u00e8 stato pubblicato il bando per la selezione di privati cittadini disponibili ad assumere a titolo volontario la tutela di minori stranieri non accompagnati (MSNA), da inserire nell\u2019elenco presso i Tribunali per i Minorenni di Milano e di Brescia.\u00a0<\/p><p>\u00a0<\/p><p>Per candidarti a tutore o tutrice volontaria puoi consultare l&#8217;estratto del bando e compilare la domanda, <a href=\"https:\/\/garanteminoriefragilita.regione.lombardia.it\/wps\/portal\/site\/garante-minori-e-fragilita\/tutori-volontari-dei-minori-stranieri-non-accompagnati-msna\/il-bandoi\" target=\"_blank\" rel=\"noopener\">cliccando qui<\/a>.<\/p><p>Per approfondire il ruolo del tutore volontario, puoi ascoltare la storia di Paola &#8211; tutrice di Cremona &#8211; e di Gouda, ex minore straniero, <a href=\"https:\/\/www.youtube.com\/watch?v=PkPKgOP2DR8&amp;t=127s\" target=\"_blank\" rel=\"noopener\">cliccando qui<\/a>.<\/p>\t\t\t\t\t\t\t\t<\/div>\n\t\t\t\t<\/div>\n\t\t\t\t\t<\/div>\n\t\t<\/div>\n\t\t\t\t<div class=\"elementor-column elementor-col-50 elementor-inner-column elementor-element elementor-element-d05a304\" data-id=\"d05a304\" data-element_type=\"column\" data-e-type=\"column\">\n\t\t\t<div class=\"elementor-widget-wrap elementor-element-populated\">\n\t\t\t\t\t\t<div class=\"elementor-element elementor-element-5804636 elementor-widget elementor-widget-video\" data-id=\"5804636\" data-element_type=\"widget\" data-e-type=\"widget\" data-settings=\"{&quot;youtube_url&quot;:&quot;https:\\\/\\\/www.youtube.com\\\/watch?v=PkPKgOP2DR8&amp;t=127s&quot;,&quot;video_type&quot;:&quot;youtube&quot;,&quot;controls&quot;:&quot;yes&quot;}\" data-widget_type=\"video.default\">\n\t\t\t\t<div class=\"elementor-widget-container\">\n\t\t\t\t\t\t\t<div class=\"elementor-wrapper elementor-open-inline\">\n\t\t\t<div class=\"elementor-video\"><\/div>\t\t<\/div>\n\t\t\t\t\t\t<\/div>\n\t\t\t\t<\/div>\n\t\t\t\t\t<\/div>\n\t\t<\/div>\n\t\t\t\t\t<\/div>\n\t\t<\/section>\n\t\t\t\t\t<\/div>\n\t\t<\/div>\n\t\t\t\t\t<\/div>\n\t\t<\/section>\n\t\t\t\t<section class=\"elementor-section elementor-top-section elementor-element elementor-element-0420580 elementor-section-full_width elementor-section-height-min-height elementor-section-items-stretch elementor-section-content-middle elementor-section-height-default\" data-id=\"0420580\" data-element_type=\"section\" data-e-type=\"section\">\n\t\t\t\t\t\t<div class=\"elementor-container elementor-column-gap-no\">\n\t\t\t\t\t<div class=\"elementor-column elementor-col-100 elementor-top-column elementor-element elementor-element-9603de3\" data-id=\"9603de3\" data-element_type=\"column\" data-e-type=\"column\">\n\t\t\t<div class=\"elementor-widget-wrap elementor-element-populated\">\n\t\t\t\t\t\t<section class=\"elementor-section elementor-inner-section elementor-element elementor-element-628f6de elementor-section-height-min-height elementor-section-content-middle elementor-section-boxed elementor-section-height-default\" data-id=\"628f6de\" data-element_type=\"section\" data-e-type=\"section\" data-settings=\"{&quot;background_background&quot;:&quot;classic&quot;}\">\n\t\t\t\t\t\t<div class=\"elementor-container elementor-column-gap-no\">\n\t\t\t\t\t<div class=\"elementor-column elementor-col-50 elementor-inner-column elementor-element elementor-element-c6720a6\" data-id=\"c6720a6\" data-element_type=\"column\" data-e-type=\"column\">\n\t\t\t<div class=\"elementor-widget-wrap elementor-element-populated\">\n\t\t\t\t\t\t<div class=\"elementor-element elementor-element-1709276 elementor-invisible elementor-widget elementor-widget-heading\" data-id=\"1709276\" data-element_type=\"widget\" data-e-type=\"widget\" data-settings=\"{&quot;_animation&quot;:&quot;fadeIn&quot;}\" data-widget_type=\"heading.default\">\n\t\t\t\t<div class=\"elementor-widget-container\">\n\t\t\t\t\t<h2 class=\"elementor-heading-title elementor-size-default\">Campus affidatari<\/h2>\t\t\t\t<\/div>\n\t\t\t\t<\/div>\n\t\t\t\t<div class=\"elementor-element elementor-element-969fde8 elementor-invisible elementor-widget elementor-widget-text-editor\" data-id=\"969fde8\" data-element_type=\"widget\" data-e-type=\"widget\" data-settings=\"{&quot;_animation&quot;:&quot;fadeIn&quot;,&quot;_animation_delay&quot;:200}\" data-widget_type=\"text-editor.default\">\n\t\t\t\t<div class=\"elementor-widget-container\">\n\t\t\t\t\t\t\t\t\t<p>L\u2019aumento degli arrivi sul territorio e il conseguente incremento del numero dei minori hanno determinato, nel 2008, l\u2019introduzione delle prime forme sperimentali di affido di MSNA. Il Sistema Cremonese ha definito questo modello di accoglienza di minori stranieri non accompagnati come \u201caffido potenziato\u201d.<\/p><p>Gli affidatari dei minori sono per lo pi\u00f9 ex minori stranieri non accompagnati (accolti dal sistema durante la loro minore et\u00e0), quindi ragazzi neo maggiorenni o comunque di et\u00e0 compresa fra i 20 ed i 30 anni che hanno dato la loro disponibilit\u00e0 per ricoprire questo ruolo e che si sono contraddistinti per una buona integrazione sul territorio italiano.<\/p>\t\t\t\t\t\t\t\t<\/div>\n\t\t\t\t<\/div>\n\t\t\t\t<div class=\"elementor-element elementor-element-fdb08af elementor-mobile-align-center elementor-align-center elementor-widget elementor-widget-button\" data-id=\"fdb08af\" data-element_type=\"widget\" data-e-type=\"widget\" data-settings=\"{&quot;_animation&quot;:&quot;none&quot;}\" data-widget_type=\"button.default\">\n\t\t\t\t<div class=\"elementor-widget-container\">\n\t\t\t\t\t\t\t\t\t<div class=\"elementor-button-wrapper\">\n\t\t\t\t\t<a class=\"elementor-button elementor-button-link elementor-size-sm elementor-animation-float\" href=\"http:\/\/www.coopnazareth.net\/percorso-di-formazione-per-giovani-affidatari-di-minori-stranieri-non-accompagnati\/\" target=\"_blank\">\n\t\t\t\t\t\t<span class=\"elementor-button-content-wrapper\">\n\t\t\t\t\t\t\t\t\t<span class=\"elementor-button-text\">scopri i campus affidatari<\/span>\n\t\t\t\t\t<\/span>\n\t\t\t\t\t<\/a>\n\t\t\t\t<\/div>\n\t\t\t\t\t\t\t\t<\/div>\n\t\t\t\t<\/div>\n\t\t\t\t\t<\/div>\n\t\t<\/div>\n\t\t\t\t<div class=\"elementor-column elementor-col-50 elementor-inner-column elementor-element elementor-element-a9dc110\" data-id=\"a9dc110\" data-element_type=\"column\" data-e-type=\"column\" data-settings=\"{&quot;background_background&quot;:&quot;classic&quot;}\">\n\t\t\t<div class=\"elementor-widget-wrap elementor-element-populated\">\n\t\t\t\t\t\t<div class=\"elementor-element elementor-element-f969509 elementor-widget elementor-widget-image\" data-id=\"f969509\" data-element_type=\"widget\" data-e-type=\"widget\" data-widget_type=\"image.default\">\n\t\t\t\t<div class=\"elementor-widget-container\">\n\t\t\t\t\t\t\t\t\t\t\t\t\t\t\t<img decoding=\"async\" width=\"800\" height=\"337\" src=\"https:\/\/www.retesaicremona.it\/wp-content\/uploads\/2022\/06\/29510968_10159956774365315_2217740385955275351_n-950x400-1.jpg\" class=\"attachment-large size-large wp-image-497\" alt=\"\" srcset=\"https:\/\/www.retesaicremona.it\/wp-content\/uploads\/2022\/06\/29510968_10159956774365315_2217740385955275351_n-950x400-1.jpg 950w, https:\/\/www.retesaicremona.it\/wp-content\/uploads\/2022\/06\/29510968_10159956774365315_2217740385955275351_n-950x400-1-300x126.jpg 300w, https:\/\/www.retesaicremona.it\/wp-content\/uploads\/2022\/06\/29510968_10159956774365315_2217740385955275351_n-950x400-1-768x323.jpg 768w\" sizes=\"(max-width: 800px) 100vw, 800px\" \/>\t\t\t\t\t\t\t\t\t\t\t\t\t\t\t<\/div>\n\t\t\t\t<\/div>\n\t\t\t\t\t<\/div>\n\t\t<\/div>\n\t\t\t\t\t<\/div>\n\t\t<\/section>\n\t\t\t\t\t<\/div>\n\t\t<\/div>\n\t\t\t\t\t<\/div>\n\t\t<\/section>\n\t\t\t\t<\/div>\n\t\t","protected":false},"excerpt":{"rendered":"<p>L\u2019accoglienza dei minori stranieri non accompagnati (MSNA) si inserisce in un percorso di rete attivo da anni, che \u00e8 sostanzialmente basato sulla valorizzazione dell\u2019esperienza dei Comuni, su specifiche competenze professionali di cura e presa in carico di individui particolarmente vulnerabili. Ed \u00e8 proprio sulla base delle diverse esigenze e peculiarit\u00e0 che identificano ciascun soggetto, che [&hellip;]<\/p>\n","protected":false},"author":2,"featured_media":0,"parent":0,"menu_order":0,"comment_status":"closed","ping_status":"closed","template":"","meta":{"footnotes":""},"class_list":["post-289","page","type-page","status-publish","hentry"],"_links":{"self":[{"href":"https:\/\/www.retesaicremona.it\/home\/wp-json\/wp\/v2\/pages\/289","targetHints":{"allow":["GET"]}}],"collection":[{"href":"https:\/\/www.retesaicremona.it\/home\/wp-json\/wp\/v2\/pages"}],"about":[{"href":"https:\/\/www.retesaicremona.it\/home\/wp-json\/wp\/v2\/types\/page"}],"author":[{"embeddable":true,"href":"https:\/\/www.retesaicremona.it\/home\/wp-json\/wp\/v2\/users\/2"}],"replies":[{"embeddable":true,"href":"https:\/\/www.retesaicremona.it\/home\/wp-json\/wp\/v2\/comments?post=289"}],"version-history":[{"count":37,"href":"https:\/\/www.retesaicremona.it\/home\/wp-json\/wp\/v2\/pages\/289\/revisions"}],"predecessor-version":[{"id":1069,"href":"https:\/\/www.retesaicremona.it\/home\/wp-json\/wp\/v2\/pages\/289\/revisions\/1069"}],"wp:attachment":[{"href":"https:\/\/www.retesaicremona.it\/home\/wp-json\/wp\/v2\/media?parent=289"}],"curies":[{"name":"wp","href":"https:\/\/api.w.org\/{rel}","templated":true}]}}